 the value of (5 + -7 - (-4 + -1)) + 28 + 15 + -58?
-12
Evaluate 40 + -1 + -101 - -19.
-43
Evaluate 14 + (-1 - 0) + 27 + (-21 - -35).
54
28 + -179 - (-86 + -21)
-44
What is -31 + (12 - 45 - -50)?
-14
Calculate (1 - 6) + -4 - (-257 - -146).
102
What is 67 + -59 - ((-13 - -72) + 7)?
-58
What is (-4 - 62) + (-29 - -37)?
-58
What is the value of (-76 - (44 - 88)) + (1 - -18)?
-13
What is (-350 - -392) + -30 + 3?
15
What is the value of -3 + -2 + -40 + 50 + 1 + (0 - -44)?
50
Evaluate -22 + ((-21 - -77) + -28 - -54).
60
Evaluate 2 - -15 - (-30 - (-74 + 57)).
30
Evaluate 26 - 16 - 196 - -100.
-86
Evaluate 29 + 64 + -67 + -38.
-12
Evaluate -131 + (-57 - -136) + -8.
-60
What is the value of -349 - -289 - (-4 + 5 - 20)?
-41
What is (42 - (84 - 55)) + (1 - 16) + 7?
5
What is -11 + (-4 - -18 - (-18 - -32)) + 38?
27
What is 238 + -207 + -8 - (-106 + 0 + -2)?
131
What is 3 + (1 - 13) + 9 + 0 + 1 - 79?
-78
What is the value of -43 + (-90 - -42 - -49)?
-42
(-22 - (-28 + -5)) + -7 + 1 + -103 + 2
-96
What is -20 - (41 + 16) - 20?
-97
What is the value of -14 + (2 - -30) - 11 - (2 - 5)?
10
What is the value of 90 + 63 + (-118 - 66)?
-31
What is the value of 141 + -59 + -11 - 152?
-81
What is (-54 - -126) + -136 + 117?
53
-240 + 242 - (-31 - -2)
31
Calculate (-14 - (-6 - -1) - -31) + -14 + 10.
18
-21 + (-113 - -95 - (-2 - (0 - 0)))
-37
What is -93 - (50 - (58 + 22))?
-63
Evaluate -3 - (-88 + (-1 - (10 + -33))) - -12.
75
What is the value of 18 + -78 + (-6 - 7) + 31?
-42
What is 58 + (-28 - (-22 + 76))?
-24
What is -76 + 15 + (5 + 5 + -5 - 12) + 4?
-64
What is the value of -13 + 38 + (10 - 76)?
-41
What is 13 + 53 + (-150 - -141)?
57
Calculate -66 + (-45 + 55 - 9).
-65
What is 29 + (-27 - (-19 - 13 - 4))?
38
What is (4 - -58) + -811 + 765?
16
46 + 14 + (13 + (2 - 36) - -13)
52
What is -197 + 153 - (1 - 1 - -1)?
-45
20 + 16 - 12 - 3 - -25
46
What is (-64 - (-24 - -23)) + 18 + -48?
-93
What is -12 - ((-68 - -81) + -4 + 2)?
-23
Evaluate (-5 + 12 - 2) + 9 + -8 + 14.
20
-8 + 4 + -24 + 50 + -12 + -20
-10
(-7 - 18) + 16 + (-10 - -1)
-18
-8 + 15 + -4 - (-25 + 23 - 67)
72
Evaluate ((-11 - -3) + -1 - -19) + (-75 - -128).
63
What is the value of -54 - (-127 - (-58 + 8))?
23
47 + -48 - (-13 + 22)
-10
Evaluate -4 + 67 + 9 + -23 + 7 + (11 - -3).
70
Evaluate (0 + -11 - (1125 - 1113)) + 38.
15
What is the value of -345 + 349 - (38 - -2)?
-36
Evaluate 11 + 1 + 2 - (-19 + 21 + -7 + -87).
106
What is -9 - ((-4 - (1 + -5)) + -32 + 5)?
18
Evaluate 47 + -118 + (70 - 51).
-52
What is (-35 + (-65 - -110) - (-2 - -4 - -17)) + 122?
113
What is the value of (-6 - (-17 - -4)) + (16 + -22 - 0)?
1
Calculate -82 - (20 + (-14 + (10 - 49) - -21)).
-70
What is (5 + 1 - (766 + -777)) + -17?
0
What is (5 - 18) + 7 + -4 + 3 + 8?
1
What is 67 - (-17 + 22 + -20 - -29)?
53
Calculate 0 + 31 - ((310 - 276) + -20 + -2).
19
What is -133 - (2 + (-4 - -2) - -15 - (1854 - 1824))?
-118
What is -16 + (-37 - -26 - -11)?
-16
2 + (9 - 51) + 56
16
Calculate 1 - (46 - 52 - (4 + 0 + -17)).
-6
What is the value of 10 + 83 - (1 - (-12 + 0) - (1016 + -1016))?
80
Calculate 51 + -40 + (6 - 83) + 3 + -4.
-67
What is the value of (45 - -5) + -3 + 2 - ((-8 - -15) + -18)?
60
Evaluate 2 + 21 + 9 + -16 - (-8 - (7 + -8)).
23
What is (-23 + -23 + 49 - 10) + 18?
11
Evaluate -3 + 0 - (-1136 - -1102).
31
-1 + 0 + 12067 + -12000
66
18 - (-19 + (82 - 38) + -1)
-6
What is (-85 - (-31 - 74)) + 60?
80
-3 - (22 - (72 + -14)) - -16
49
(9 - 5) + -1 + 3 + -10 + -21
-25
What is -37 + 10 + 35 + -7?
1
Calculate 112 + 11 - 7 - 12 - 16 - 8.
80
Calculate 31 + -147 - -93 - (0 + 3).
-26
What is the value of 31 - 0 - -44 - (-3 + 6 + 5)?
67
What is the value of -8 - (4 - -6 - -6 - -17)?
-41
What is (49 - 50) + (-6 - (-9 + 42 + -8))?
-32
What is the value of -3433 + 3450 + (29 - (2 - (3 - 4)))?
43
-41 + 16 + 0 - (-1 - (13 + 1) - -6)
-16
What is the value of 61 + (-48 - (-40 + 36))?
17
(-4 - 7 - -4 - (21 - 36)) + -12
-4
What is the value of -26 + 26 + (-1 - -19) + 758 + -744?
32
Calculate (354 - 399) + (-3 - 30) + -13.
-91
Evaluate (-10 - (-3 + (4 - 16) + 0)) + -3.
2
-29 - (-5 + -1 + -15 + 0) - 46
-54
Evaluate 77 + 3 + (3864 - 3932).
12
What is 1 + (3 - -2) + (-14 - (-6 - (-60 + 108)))?
46
What is (-29 - -18) + (7 - (13 + 5))?
-22
What is -5501 + 5436 - (17 + 0 + -1)?
-81
Calculate 30 + -20 - 9 - (7 + 3 + (2 - -1)).
-12
Calculate (-8 - (0 - 4 - (7 + -5))) + (-45 - -11).
-36
What is (-2 + -34 - -2) + (55653 - 55592)?
27
What is 114 + -163 + 82 + -58?
-25
What is the value of -34 + 51 + -10 - -32?
39
Calculate -4 - (-11 + (-14 - -12) + -50) - (2 + -2).
59
Evaluate (-48 - 5) + 806 + -805.
-52
Calculate 16 + -3 + (-10 + 9 + -15 - (-21 - 1)).
19
Calculate 90 + -26 + 14 + 15 - (-2 - -4 - 5).
96
Calculate -60 + 201 + -26 - 119.
-4
What is the value of (-27 - (3 - 5) - 3) + (-5621 - -5618)?
-31
8 + (-6 - (36 + -17)) - -22
5
(-5 - -44) + 5 + -30
14
What is 23 - ((-6 - 0) + 22 + -27)?
34
What is the value of 9 + -41 + 8 + (-3 - (-3 + -14 + 19))?
-29
Evaluate -2110 + 2152 - (93 - 2).
-49
Calculate -20 + 20 - (-3 + -6) - (23 + (5 - 24)).
5
Calculate -178 + 146 - (-1 + -12) - 11 - -6.
-24
-4 - -25 - (12 + 6 + (34 - 47))
16
What is 27 - (9 - 74) - (-6 + 12 + -14 + 0)?
100
Calculate 6 + (-36 + 73 - 79).
-36
What is the value of 66 + (-161 - -79 - -75)?
59
Calculate -41 - (-77 + 109) - -41.
-32
Evaluate 5 + -3 + -11 + (17 - 13) + (-13 - -2).
-16
Calculate 40 + (-7 - (-7 + 5 - 12)).
47
What is the value of -13 + 253 - 154 - (32 - -1)?
53
Calculate -30 + (23 + -8 - 46) + 50.
-11
Calculate (8 - -2) + 874 + -844.
40
What is 4 - (-43 - 5) - (-212 + 211)?
53
-108 + (24 - 117 - -111) + (0 - -2)
-88
What is the value of (26 - -13 - 11) + -4 + 0 + 4?
28
Calculate 26 + -6 + -1 - 2 - (-624 + 522).
119
-14 - (21 + -24 - 11) - -23
23
Evaluate (20 + 27 + -49 - (-3 + 0)) + (-2 - -49).
48
Evaluate 5 + -38 + (17 - -8) + (3 - 5 - 61).
-71
Evaluate 21 - -50 - (-533 - -514).
90
Evaluate (22 - 29 - -46) + 31 + -4.
66
Evaluate (-73 - (-91 + 37)) + -2 + 1 + 11.
-9
What is the value of 21 - 12 - ((-1 - (5 + -6)) + -12 - 1)?
22
Evaluate (5 + 0 + -20 - -12) + -3 + -71.
-77
Calculate -44 + 18 + (1 - -14) + -11.
-22
What is the value of 47 - 0 - (39 + -7 - 21)?
36
What is 104 - ((-91 - -90 - 5) + 13 + 0)?
97
Calculate -29 - -20 - (18 - (-2 - (3 + -9))).
-23
What is -17 + 53 + -23 + 16?
29
What is the value of 34 + (-32 + (65 - 22) - 142)?
-97
What is -67 - (-12 + 19 + (-22 - -7) - 3)?
-56
What is the value of -7 + -14 + -18 + 51?
12
Evaluate (-2 - -1) + (27 - (60 + -13)) - 9.
-30
-991 + 1020 + (69 + -4 - 5)
89
What is the value of 53 - (40 - 37 - -93)?
-43
What is 67 + 26 - (141 - 47)?
-1
What is 52 + 5 + (-41 - -3 - -52)?
71
Evaluate (-7 - -3) + 120 - (7 + 4 + (10 - 29)).
124
What is the value of (7 - (-2 - 1)) + (15 + -7 + 0 - 66)?
-48
What is -67 + (187 - (110 - 18))?
28
7 + -2 + -26 + 30 + (38 - 54)
-7
What is (-2 - -15) + (18 - (-5 - (15 - 112)))?
-61
Calculate 11 - -1 - (462 - 478).
28
2 + -22 + (6 - -7) - (-60 - (3 - 6))
50
Calculate 0 + -37 + -108 + 58 + 109.
22
What is 31 + 5 + -24 + -5 + (1 - (-2 + -40))?
50
-18 + -1 + (2 - -36) + (102 - 62)
59
What is -177 + 62 - -17 - -46?
-52
What is (1 - -11) + (12 - 12) + (-233 - -246)?
25
What is (15 - 19) + 25 + -43 + 2?
-20
What is 18 - 1 - (-23 + 77 + (98 - 2))?
-133
Evaluate ((24 - 29) + 8 + -3 - 0) + (-36 - -5).
-31
-225 - -208 - (-35 + 4 + -8)
22
What is 28 + -4 + -321 + 292?
-5
Calculate 2 - 1 - -97 - (-62 + (143 - 70)).
87
What is the value of 82 + (-23 + -8 - -25) + 0?
76
(69 - 26) + (-199 - -93)
-63
What is (-18 - -1 - -7) + (0 + 4 + 0 - 60)?
-66
Calculate 5 + (67 - (-27 - -43)).
56
What is the value of (87 - (-59 + 138)) + -60 + -1?
-53
-7 + 27 - -49 - 50
19
What is (-30 - -20) + -10 + 4 + 14 - 42?
-44
-19 - -1 - (51 + -14)
-55
Evaluate (14 + 2 - 21 - -15) + 3 + -52.
-39
3 + 0 + -4 + 1 - (29 + -76 - -75)
-28
What is the value of 0 + (-1 - 1) - (422 + -113 + -227)?
-84
Calculate -10 + (371 - 382) + (0 - 9).
-30
Evaluate 5 + 88 + (-222 - -219) + -42.
48
Evaluate 18 - 18 - (-20 + 166 + 5).
-151
Evaluate -22 + -25 + -61 + 97.
-11
Calculate 6 - (5 + 1 + (1 - 25) + 17) - -30.
37
-4 - 4 - (57 + -53 - (-1 + 7))
-6
Evaluate 1 - 34 - (-27 - (-50 - -7)).
-49
What is -13 - (-7 + 2 + 1 + 2 + 2 + 5)?
-18
Evaluate (2 + -25 - 0 - (-93 - -43 - -55))